s digit of y(-6)?
5
Let t be 1/((-1)/(-1)) - -4. Let y = -42 - -44. Suppose 2*p = -t*r + y*r + 12, -3*p = r - 18. What is the units digit of p?
6
Suppose 5*s = -25, 5*s = 4*i - 43 - 6. Let n be 3/(i/14) - 2. Suppose n*m - 11 = 4*l, -m - 3*l = -3*m + 3. What is the units digit of m?
3
Let d(g) = g**2 + 2*g + 1. Let f be d(-2). Let k(l) = 0*l + 2*l + 11*l - 4*l. What is the units digit of k(f)?
9
Suppose 5*i - 4*t = -17, 5*i - 3*t + 12 = -2. What is the units digit of i/(3/12*-2)?
2
Let j be 0/(-2)*2/(-4). Let w = -23 - -28. Suppose 0 = 3*i + 3*s - 24, -i + 3*s + 7 + w = j. What is the units digit of i?
9
Let t(z) = -z**2 + 9*z + 14. Let h be t(10). Suppose -4*b - m = -53, -2*b + 3*b + h*m - 17 = 0. What is the units digit of b?
3
Let s(v) = 3*v - 10. What is the units digit of s(4)?
2
Suppose -20 = 2*y - 5*f, -4*y - 5*f + 21 = 1. Let i(k) = -k**3 + 32. Let u be i(y). Suppose -5*s + u = -s. What is the units digit of s?
8
Let f(n) = 4*n + 20. What is the units digit of f(5)?
0
Let k(q) = 3*q + 3. Let t be k(-2). What is the units digit of (-23)/(t/6*2)?
3
Let i(g) = -g + 6. Let h be i(-6). Suppose -2*j - 50 + h = 0. Let q = j + 36. What is the tens digit of q?
1
Suppose -4*j - 64 = 3*v - 663, -5*v = -2*j - 1033. What is the tens digit of v?
0
Let a(s) = -s**2 - 11*s - 7. Let q be a(-10). Suppose -q*w = 3*r + 33, 3*w + w - 76 = 4*r. What is the units digit of (4/(-10))/(1/r)?
6
Suppose 2*z = n - 3*n, n = -2*z. Let o(g) = g**2 + g + 5. What is the units digit of o(n)?
5
Suppose -y + 4*y = 9. Suppose -y*z - 5*x + 48 = 0, -3*z + 2*x = -6*z + 57. What is the tens digit of z?
2
Let w(b) = 8*b - 7. Let f be w(5). Suppose -2 = -g - 5*o, 2*o - 7*o - f = -4*g. What is the units digit of -7*(1/g + -1)?
6
Suppose -2*a - 141 = -5*a. What is the tens digit of a?
4
Suppose -9 = -4*h + 3. What is the tens digit of (42/(-2))/(h + -4)?
2
Suppose -30 = -d + 14. What is the tens digit of d?
4
Let f = -142 + 203. What is the tens digit of f?
6
Let c(u) = u**2 - 4*u - 3. Let w be c(5). Suppose 4*j = w*j + 8. What is the units digit of j?
4
Let u = 18 + 45. What is the units digit of u?
3
Let l = 10 + 16. What is the units digit of l?
6
What is the units digit of 37 - 6/(4 + -7)?
9
Suppose 2*j - 21 - 39 = 0. Suppose -3*d - 7 + j = 5*k, -5*k + d + 19 = 0. What is the units digit of k?
4
Let c(g) = 4*g - 3. Let a be c(-7). What is the units digit of (a + 2)/(1 + -2)?
9
Let f = 26 + -14. What is the units digit of f/6 - (0 + -45)?
7
What is the tens digit of ((-1)/(-1))/(4/112)?
2
Let x(l) = 2*l**3 - 7*l**2 - 2*l + 5. What is the tens digit of x(5)?
7
Let h = -10 - -33. What is the units digit of h?
3
Suppose k = 2*k - 6. Let g(b) = 3*b + 11. Let i(f) = -f - 5. Let o(q) = 6*g(q) + 15*i(q). What is the units digit of o(k)?
9
Suppose -5*b - 40 + 5 = 0. Let l = b - -21. What is the tens digit of l?
1
Suppose 40 = 4*w + w. Suppose 0 = v - 24 - w. What is the units digit of v?
2
Let s be (-44)/11 + 1 + 27. Let g = s + -3. What is the tens digit of g?
2
Let s = -237 - -332. What is the units digit of (-9)/(-27) + s/3?
2
Let f be -3*(28/6 - -2). Let m = f + 32. What is the units digit of (-14)/m*-3*2?
7
Suppose 0 = -5*a + 10, -q + 5*a - 5 = -0*q. Suppose 27 = u - 2*l - q, 5*u = -4*l + 174. What is the tens digit of u?
3
Let n(x) = -x**2 + 18*x + 34. What is the units digit of n(16)?
6
Let z(w) be the second derivative of -w**3/6 + 2*w**2 - 3*w. What is the units digit of z(-3)?
7
Let x(s) = s**3 - 5*s**2 + 5*s - 2. Let d be x(5). Suppose -96 = -26*t + d*t. What is the tens digit of t?
3
Suppose 4*a + 2*p = -152, -3*p = 5*a - p + 190. Let k = -22 - a. What is the units digit of k?
6
Let h(i) = i**2 + i + 32. Let u be h(0). Suppose -4*d + u = -56. Suppose 4*o - d + 6 = 0. What is the units digit of o?
4
Let r(n) = n**2 + n - 1. Let w be r(2). Let c be (-1 - -1 - 2) + -2. What is the tens digit of 11/c*(-9 + w)?
1
Let z = 23 - 11. What is the tens digit of z?
1
Suppose -3*c + 50 = 4*m - 25, 30 = m + 3*c. What is the tens digit of m?
1
Let l(a) be the third derivative of a**5/60 - 5*a**4/24 - a**3/2 + 4*a**2. What is the units digit of l(6)?
3
Let w be (-5)/(-10)*(-1 + -35). Let g = w - -10. What is the units digit of (-6)/24 - 98/g?
2
Let l be 226/(-8) - (-4)/16. What is the tens digit of l*((-9)/6 - -1)?
1
Let s(w) = -8*w - 82. What is the hundreds digit of s(-27)?
1
Let o = 19 - 12. What is the units digit of o?
7
Suppose -7*k = -9*k + 246. What is the units digit of k?
3
Let v(m) = m**2 + 11*m + 10. Let a(q) = -2*q**2 - 22*q - 19. Let c(p) = -2*a(p) - 5*v(p). Suppose 3*d - d = -16. What is the tens digit of c(d)?
1
Suppose -3*i - 48 = -7*i. What is the units digit of i?
2
Let y(g) = g**3 - 7*g**2 + 6*g + 3. Let p(h) = -7*h**3 - 2*h**2 - h. Let b be p(-1). Let k be y(b). Suppose -k*i + 12 = i. What is the units digit of i?
3
Suppose a - 3 = 10. What is the tens digit of a?
1
Let c(z) = 2*z - 9. What is the units digit of c(11)?
3
Let n = 9 - 13. What is the units digit of (0 + -1)/(n - -3)?
1
What is the tens digit of 5 + 177 - -3 - 0?
8
Let w = 163 + -89. What is the tens digit of w?
7
Let j be 0 - -3*(-6)/(-9). Suppose -w - 3*z = -10 - 7, 0 = 3*w + j*z - 44. What is the units digit of w?
4
Suppose 15*s - 16*s = -87. What is the tens digit of s?
8
Suppose 0 = 3*w - 22 - 53. Suppose t = -2 + w. What is the units digit of t?
3
Let z be (-1 - 1)/(6/(-51)). Let j = -1 - z. Let t = -6 - j. What is the units digit of t?
2
Suppose -2*x - u + 51 = 0, 0*x - 3*x = 4*u - 69. What is the units digit of x?
7
Suppose -2*z = 3 - 7. Suppose 1 = -3*v - 5*b, -5*b - 8 = 6*v - z*v. What is the units digit of (-1 - -2)*(4 - v)?
1
Let m = -4 + 12. Let o(y) = -6*y**2 + 6*y + 3. Let n(f) = 5*f**2 - 6*f - 4. Let r(h) = 5*n(h) + 4*o(h). What is the units digit of r(m)?
8
Let f be 2/(-9) - (-80)/36. Suppose -2*k = -l - 7, 4*k = f*l - 5*l + 39. What is the units digit of k?
6
Let m be 3/2*4/(-6). What is the units digit of (1 + -3)*m/2?
1
Let n = 5 - 9. Let h = -2 - n. What is the units digit of h?
2
Suppose -13*a - 268 = -17*a. What is the tens digit of a?
6
Suppose -5*x + 3 = 8. Let y(z) be the third derivative of -z**4/12 + z**3/6 + 7*z**2. What is the units digit of y(x)?
3
Suppose -34 = -3*x + 8. What is the units digit of x?
4
Let v be 9/(-4)*(-24)/9. Let b = 10 - v. Suppose -30 = -a - b*a. What is the units digit of a?
6
Let b = 9 - 19. Let o be (0 + 0)*1/2. Let l = o - b. What is the tens digit of l?
1
Suppose -4*i = -4 - 0. Let m(w) = -w**3 + 4*w**2 - 3. Let r be m(3). Let f = r - i. What is the units digit of f?
5
Let g(q) = q**3 - 3*q + 6 - 2 - 2*q**2 + 0*q**3. Let c be g(3). Suppose -3*b + 45 = -2*w, -c*b + b + 45 = 3*w. What is the units digit of b?
5
Let v = 8 - 2. Let n(h) = h**3 - 5*h**2 - 5*h - 1. What is the units digit of n(v)?
5
Let l = 1 + 1. Suppose 4*g + g + l*c - 45 = 0, -4*g = -c - 36. What is the units digit of g?
9
Suppose u - 5*g = 26, 4*u - g - 59 - 102 = 0. What is the tens digit of u?
4
Let q(h) = h**2 + 5*h. Let g be q(-6). Suppose -k + 3*t + g = 4*t, -5 = t. What is the tens digit of k?
1
Let y(h) = 5*h**3 - h**2 + h - 3. Let i(n) = -4*n**3 + n**2 + 3. Let l(b) = -3*i(b) - 2*y(b). What is the tens digit of l(3)?
3
What is the tens digit of 205/15 + (-4)/6?
1
What is the units digit of 2*(-4)/(24/(-33))?
1
Suppose 0*n = -n + 8. Let d = -1 + n. Suppose -2*x = -d*x + 20. What is the units digit of x?
4
Let a be (2/4)/(2/(-8)). Let q = a - 2. Let i = 1 - q. What is the units digit of i?
5
Let p(d) = 2*d**2 + 4*d - 14. What is the units digit of p(4)?
4
Suppose -2*u + v + 594 = 0, 0*v + 3*v = u - 307. What is the tens digit of u?
9
Let l be -8*1 - 3 - -1. Let a = 22 + l. What is the tens digit of a?
1
Let w(z) = 280*z**2 - z + 2. What is the units digit of w(1)?
1
Let k(x) = x**2 - x + 2. Let a be k(-5). Suppose 0 = -3*p + a - 5. What is the units digit of p?
9
Let y = 23 + -24. Let d(p) = -35*p**3 - p**2 - p. What is the units digit of d(y)?
5
Let z = -6 - -7. Suppose -4*j - 7*b = -2*b - 38, -3*b - z = -j. What is the units digit of j?
7
Suppose -2 - 10 = -4*g. Suppose -g*r - 29 = 2*h - 4*h, -66 = -5*h + r. What is the tens digit of h?
1
What is the units digit of (-35)/(-56)*4*788/10?
7
Let y be 15/4*(1 + 3). Let f be (25/20 + -1)*0. Suppose 3*x + y = q + 4, f = -x. What